{"id":2375,"date":"2016-07-02T19:18:26","date_gmt":"2016-07-02T18:18:26","guid":{"rendered":"http:\/\/persoclo.fr\/?post_type=product&#038;p=2375"},"modified":"2017-08-30T00:18:06","modified_gmt":"2017-08-29T23:18:06","slug":"espadrilles-unies","status":"publish","type":"product","link":"https:\/\/persoclo.fr\/en\/shopping\/espadrilles-unies\/","title":{"rendered":"Espadrilles Unies"},"content":{"rendered":"<p style=\"text-align: justify;\">Pour cet \u00e9t\u00e9, sur <strong>la plage<\/strong> ou lors d&#8217;une <strong>visite touristique<\/strong>,\u00a0<strong>PersoClo<\/strong>\u00a0vous propose de d\u00e9couvrir une large gamme d&#8217;<strong>espadrilles <\/strong>fabriqu\u00e9es dans un atelier Fran\u00e7ais selon les traditions d&#8217;autrefois.<\/p>\n","protected":false},"excerpt":{"rendered":"<p><strong>Dessus \/ Tige<\/strong> = Coton<\/p>\n<p><strong>Semelle Int\u00e9rieure<\/strong> = Jute (fibre v\u00e9g\u00e9tale)<\/p>\n<p><strong>Semelle Ext\u00e9rieure<\/strong> = Caoutchouc 2,5 mm<\/p>\n<p><strong>Hauteur<\/strong> = Semelle plate 1 cm<\/p>\n<p><strong>Origine<\/strong> = Fabrication Fran\u00e7aise \u00e0 Maul\u00e9on<\/p>\n<p><strong>Info Pointure<\/strong> = Idem chaussures de ville<\/p>\n<p><strong>Bout de l&#8217;espadrille<\/strong> = Rond<\/p>\n<p><strong>Genre<\/strong> = Mixte (hommes et femmes)<\/p>\n<p style=\"text-align: center;\"><strong><span style=\"color: #ff0000;\"><a style=\"color: #ff0000;\" href=\"http:\/\/persoclo.fr\/etiquette-produit\/espadrille\/\">VOIR LES AUTRES MOD\u00c8LES<\/a><\/span><\/strong><\/p>\n<p style=\"text-align: center;\">ou<\/p>\n<p style=\"text-align: center;\"><span style=\"color: #3366ff;\"><strong>-Choisir les options pour afficher la photo et ajouter au panier-\u00a0<\/strong><\/span><\/p>\n","protected":false},"featured_media":2376,"comment_status":"open","ping_status":"closed","template":"","meta":[],"product_brand":[],"product_cat":[84,13,507,7,6,12,42],"product_tag":[57],"class_list":{"0":"post-2375","1":"product","2":"type-product","3":"status-publish","4":"has-post-thumbnail","6":"product_cat-best-of","7":"product_cat-chaussures-pour-lui","8":"product_cat-chaussures","9":"product_cat-chaussures-pour-elle","10":"product_cat-femme","11":"product_cat-homme","12":"product_cat-tout","13":"product_tag-espadrille","14":"product_shipping_class-classe-2","16":"first","17":"instock","18":"sale","19":"taxable","20":"shipping-taxable","21":"purchasable","22":"product-type-variable"},"translation":{"provider":"WPGlobus","version":"3.0.2","language":"en","enabled_languages":["fr","en"],"languages":{"fr":{"title":true,"content":true,"excerpt":true},"en":{"title":false,"content":false,"excerpt":false}}},"aioseo_notices":[],"_links":{"self":[{"href":"https:\/\/persoclo.fr\/en\/wp-json\/wp\/v2\/product\/2375","targetHints":{"allow":["GET"]}}],"collection":[{"href":"https:\/\/persoclo.fr\/en\/wp-json\/wp\/v2\/product"}],"about":[{"href":"https:\/\/persoclo.fr\/en\/wp-json\/wp\/v2\/types\/product"}],"replies":[{"embeddable":true,"href":"https:\/\/persoclo.fr\/en\/wp-json\/wp\/v2\/comments?post=2375"}],"wp:featuredmedia":[{"embeddable":true,"href":"https:\/\/persoclo.fr\/en\/wp-json\/wp\/v2\/media\/2376"}],"wp:attachment":[{"href":"https:\/\/persoclo.fr\/en\/wp-json\/wp\/v2\/media?parent=2375"}],"wp:term":[{"taxonomy":"product_brand","embeddable":true,"href":"https:\/\/persoclo.fr\/en\/wp-json\/wp\/v2\/product_brand?post=2375"},{"taxonomy":"product_cat","embeddable":true,"href":"https:\/\/persoclo.fr\/en\/wp-json\/wp\/v2\/product_cat?post=2375"},{"taxonomy":"product_tag","embeddable":true,"href":"https:\/\/persoclo.fr\/en\/wp-json\/wp\/v2\/product_tag?post=2375"}],"curies":[{"name":"wp","href":"https:\/\/api.w.org\/{rel}","templated":true}]}}

<p style="text-align: justify;">Pour cet été, sur <strong>la plage</strong> ou lors d&#8217;une <strong>visite touristique</strong>, <strong>PersoClo</strong> vous propose de découvrir une large gamme d&#8217;<strong>espadrilles </strong>fabriquées dans un atelier Français selon les traditions d&#8217;autrefois.</p>

<p><strong>Dessus / Tige</strong> = Coton</p>
<p><strong>Semelle Intérieure</strong> = Jute (fibre végétale)</p>
<p><strong>Semelle Extérieure</strong> = Caoutchouc 2,5 mm</p>
<p><strong>Hauteur</strong> = Semelle plate 1 cm</p>
<p><strong>Origine</strong> = Fabrication Française à Mauléon</p>
<p><strong>Info Pointure</strong> = Idem chaussures de ville</p>
<p><strong>Bout de l&#8217;espadrille</strong> = Rond</p>
<p><strong>Genre</strong> = Mixte (hommes et femmes)</p>
<p style="text-align: center;"><strong><span style="color: #ff0000;"><a style="color: #ff0000;" href="http://persoclo.fr/etiquette-produit/espadrille/">VOIR LES AUTRES MODÈLES</a></span></strong></p>
<p style="text-align: center;">ou</p>
<p style="text-align: center;"><span style="color: #3366ff;"><strong>-Choisir les options pour afficher la photo et ajouter au panier- </strong></span></p>
