{"id":2225,"date":"2016-06-27T18:40:09","date_gmt":"2016-06-27T17:40:09","guid":{"rendered":"http:\/\/persoclo.fr\/?post_type=product&#038;p=2225"},"modified":"2017-08-30T00:53:16","modified_gmt":"2017-08-29T23:53:16","slug":"petite-sacoche-mandat-made-in-france","status":"publish","type":"product","link":"https:\/\/persoclo.fr\/en\/shopping\/petite-sacoche-mandat-made-in-france\/","title":{"rendered":"Petite sacoche mandat &#8211; Made in France"},"content":{"rendered":"<p><img loading=\"lazy\" decoding=\"async\" class=\"size-full wp-image-2236 aligncenter\" src=\"http:\/\/persoclo.fr\/wp-content\/uploads\/2016\/06\/croquismandat-ok.jpg\" alt=\"croquismandat-ok\" width=\"650\" height=\"800\" srcset=\"https:\/\/persoclo.fr\/wp-content\/uploads\/2016\/06\/croquismandat-ok.jpg 650w, https:\/\/persoclo.fr\/wp-content\/uploads\/2016\/06\/croquismandat-ok-600x738.jpg 600w, https:\/\/persoclo.fr\/wp-content\/uploads\/2016\/06\/croquismandat-ok-244x300.jpg 244w\" sizes=\"auto, (max-width: 650px) 100vw, 650px\" \/><\/p>\n","protected":false},"excerpt":{"rendered":"<p>Cette forme inspire aujourd&#8217;hui de nombreuses collections de maroquinerie. Cette petite sacoche de travail se retrouve dans les tendances actuelles. Voici donc l&#8217;originale qui date pourtant du d\u00e9but du 20\u00e8me si\u00e8cle.<\/p>\n<p><img decoding=\"async\" class=\"aligncenter\" src=\"http:\/\/www.codepostalfrance.com\/image\/data\/tampon.png\" \/><\/p>\n<p>De forme arrondie avec rabat elle se referme par une boucle centrale avec rivets. Le logo POSTES est marqu\u00e9 \u00e0 chaud sur le rabat. La bretelle de 140 cm est r\u00e9glable par une boucle type ceinture.<br \/>\nUne poche int\u00e9rieure avec glissi\u00e8re a \u00e9t\u00e9 rajout\u00e9e.<br \/>\nMontage type coutures fa\u00e7on sellier.<\/p>\n<p><em><u>Point d&#8217;histoire:<\/u><br \/>\nAppel\u00e9e aussi sacoche financi\u00e8re ou monnaie, cette petite sacoche \u00e9tait r\u00e9serv\u00e9e \u00e0 la collecte et la distribution des mandats. Le facteur l&#8217;utilisait pour le paiement \u00e0 domicile. Elle fut aussi celle des facteurs automobiles ruraux.<\/em><\/p>\n<div>\n<ul>\n<li><strong>Dimensions:\u00a0 24 x 18 x 7 cm<\/strong><\/li>\n<li>Couelur: Brun\u00a0fonc\u00e9<\/li>\n<li><strong>Fabriqu\u00e9 en France<\/strong><\/li>\n<li>Cuir vachette cir\u00e9,\u00a0Tann\u00e9 en Italie<\/li>\n<\/ul>\n<\/div>\n","protected":false},"featured_media":2234,"comment_status":"open","ping_status":"closed","template":"","meta":[],"product_brand":[],"product_cat":[207,84,42],"product_tag":[223],"class_list":{"0":"post-2225","1":"product","2":"type-product","3":"status-publish","4":"has-post-thumbnail","6":"product_cat-accessoires","7":"product_cat-best-of","8":"product_cat-tout","9":"product_tag-code-postal","11":"first","12":"instock","13":"taxable","14":"shipping-taxable","15":"purchasable","16":"product-type-simple"},"translation":{"provider":"WPGlobus","version":"3.0.2","language":"en","enabled_languages":["fr","en"],"languages":{"fr":{"title":true,"content":true,"excerpt":true},"en":{"title":false,"content":false,"excerpt":false}}},"aioseo_notices":[],"_links":{"self":[{"href":"https:\/\/persoclo.fr\/en\/wp-json\/wp\/v2\/product\/2225","targetHints":{"allow":["GET"]}}],"collection":[{"href":"https:\/\/persoclo.fr\/en\/wp-json\/wp\/v2\/product"}],"about":[{"href":"https:\/\/persoclo.fr\/en\/wp-json\/wp\/v2\/types\/product"}],"replies":[{"embeddable":true,"href":"https:\/\/persoclo.fr\/en\/wp-json\/wp\/v2\/comments?post=2225"}],"wp:featuredmedia":[{"embeddable":true,"href":"https:\/\/persoclo.fr\/en\/wp-json\/wp\/v2\/media\/2234"}],"wp:attachment":[{"href":"https:\/\/persoclo.fr\/en\/wp-json\/wp\/v2\/media?parent=2225"}],"wp:term":[{"taxonomy":"product_brand","embeddable":true,"href":"https:\/\/persoclo.fr\/en\/wp-json\/wp\/v2\/product_brand?post=2225"},{"taxonomy":"product_cat","embeddable":true,"href":"https:\/\/persoclo.fr\/en\/wp-json\/wp\/v2\/product_cat?post=2225"},{"taxonomy":"product_tag","embeddable":true,"href":"https:\/\/persoclo.fr\/en\/wp-json\/wp\/v2\/product_tag?post=2225"}],"curies":[{"name":"wp","href":"https:\/\/api.w.org\/{rel}","templated":true}]}}

<p>Cette forme inspire aujourd&#8217;hui de nombreuses collections de maroquinerie. Cette petite sacoche de travail se retrouve dans les tendances actuelles. Voici donc l&#8217;originale qui date pourtant du début du 20ème siècle.</p>
<p><img decoding="async" class="aligncenter" src="http://www.codepostalfrance.com/image/data/tampon.png" /></p>
<p>De forme arrondie avec rabat elle se referme par une boucle centrale avec rivets. Le logo POSTES est marqué à chaud sur le rabat. La bretelle de 140 cm est réglable par une boucle type ceinture.<br />
Une poche intérieure avec glissière a été rajoutée.<br />
Montage type coutures façon sellier.</p>
<p><em><u>Point d&#8217;histoire:</u><br />
Appelée aussi sacoche financière ou monnaie, cette petite sacoche était réservée à la collecte et la distribution des mandats. Le facteur l&#8217;utilisait pour le paiement à domicile. Elle fut aussi celle des facteurs automobiles ruraux.</em></p>
<div>
<ul>
<li><strong>Dimensions:  24 x 18 x 7 cm</strong></li>
<li>Couelur: Brun foncé</li>
<li><strong>Fabriqué en France</strong></li>
<li>Cuir vachette ciré, Tanné en Italie</li>
</ul>
</div>
