{"id":1963,"date":"2016-10-03T06:12:04","date_gmt":"2016-10-03T05:12:04","guid":{"rendered":"http:\/\/persoclo.fr\/?post_type=product&#038;p=1963"},"modified":"2020-05-04T23:59:41","modified_gmt":"2020-05-04T22:59:41","slug":"lange-motifs-bulles-100-made-in-france","status":"publish","type":"product","link":"https:\/\/persoclo.fr\/en\/shopping\/lange-motifs-bulles-100-made-in-france\/","title":{"rendered":"Lange \u00e0 motifs"},"content":{"rendered":"<p><span style=\"color: #ffffff;\">5678<\/span><\/p>\n","protected":false},"excerpt":{"rendered":"<p><span style=\"color: #ffffff;\">Boutique<\/span> Le lange imprim\u00e9 La Beige, la version du lange blanc La Beige, avec les motifs de la saison 2015 !<\/p>\n<div><\/div>\n<div>Il est \u00e0 la fois pratique et nostalgique pour les mamans, doux et confortable pour les b\u00e9b\u00e9s.<\/div>\n<div><\/div>\n<div>En 100% coton biologique GOTS, l\u00e9ger, doux, a\u00e9r\u00e9, et protecteur (du chaud comme du froid),<\/div>\n<div>Le Lange r\u00e9siste \u00e0 de nombreux lavages, il s&#8217;adoucit et devient plus souple, plus confortable au fur et \u00e0 mesure qu&#8217;il est utilis\u00e9. Il se bonifie avec le temps: il &#8220;grandit&#8221; avec b\u00e9b\u00e9.<\/div>\n<div>Parfaitement absorbant et perm\u00e9able \u00e0 l\u2019air, le lange est l\u2019\u00e9l\u00e9ment indispensable \u00e0 votre quotidien avec b\u00e9b\u00e9.<\/div>\n<div>De tailles diff\u00e9rentes, pour un usage polyvalent (couverture pour la poussette, pour l\u2019allaitement, le matelas \u00e0 langer, l&#8217;emmaillotage et bien plus encore\u2026) .<\/div>\n<div>Le lange La Beige est un incontournable de notre gamme.<\/div>\n<p>&nbsp;<\/p>\n<div>\n<p>\u00a0Pensez \u00e0 la personnalisation\u00a0pour le rendre unique!!!<\/p>\n<h4 style=\"text-align: center;\">\u00a0 <span style=\"color: #3366ff;\">\u00a0&#8211; Choisissez les options pour afficher l&#8217;image et ajouter au panier &#8211;<\/span><\/h4>\n<\/div>\n","protected":false},"featured_media":1987,"comment_status":"open","ping_status":"closed","template":"","meta":[],"product_brand":[],"product_cat":[52,110,42,215],"product_tag":[161],"class_list":{"0":"post-1963","1":"product","2":"type-product","3":"status-publish","4":"has-post-thumbnail","6":"product_cat-bebe","7":"product_cat-personnalisable","8":"product_cat-tout","9":"product_cat-vetements","10":"product_tag-la-beige","12":"first","13":"instock","14":"taxable","15":"shipping-taxable","16":"purchasable","17":"product-type-variable","18":"has-default-attributes"},"translation":{"provider":"WPGlobus","version":"3.0.2","language":"en","enabled_languages":["fr","en"],"languages":{"fr":{"title":true,"content":true,"excerpt":true},"en":{"title":false,"content":false,"excerpt":false}}},"aioseo_notices":[],"_links":{"self":[{"href":"https:\/\/persoclo.fr\/en\/wp-json\/wp\/v2\/product\/1963","targetHints":{"allow":["GET"]}}],"collection":[{"href":"https:\/\/persoclo.fr\/en\/wp-json\/wp\/v2\/product"}],"about":[{"href":"https:\/\/persoclo.fr\/en\/wp-json\/wp\/v2\/types\/product"}],"replies":[{"embeddable":true,"href":"https:\/\/persoclo.fr\/en\/wp-json\/wp\/v2\/comments?post=1963"}],"wp:featuredmedia":[{"embeddable":true,"href":"https:\/\/persoclo.fr\/en\/wp-json\/wp\/v2\/media\/1987"}],"wp:attachment":[{"href":"https:\/\/persoclo.fr\/en\/wp-json\/wp\/v2\/media?parent=1963"}],"wp:term":[{"taxonomy":"product_brand","embeddable":true,"href":"https:\/\/persoclo.fr\/en\/wp-json\/wp\/v2\/product_brand?post=1963"},{"taxonomy":"product_cat","embeddable":true,"href":"https:\/\/persoclo.fr\/en\/wp-json\/wp\/v2\/product_cat?post=1963"},{"taxonomy":"product_tag","embeddable":true,"href":"https:\/\/persoclo.fr\/en\/wp-json\/wp\/v2\/product_tag?post=1963"}],"curies":[{"name":"wp","href":"https:\/\/api.w.org\/{rel}","templated":true}]}}

Lange à motifs

<p><span style="color: #ffffff;">Boutique</span> Le lange imprimé La Beige, la version du lange blanc La Beige, avec les motifs de la saison 2015 !</p>
<div></div>
<div>Il est à la fois pratique et nostalgique pour les mamans, doux et confortable pour les bébés.</div>
<div></div>
<div>En 100% coton biologique GOTS, léger, doux, aéré, et protecteur (du chaud comme du froid),</div>
<div>Le Lange résiste à de nombreux lavages, il s&#8217;adoucit et devient plus souple, plus confortable au fur et à mesure qu&#8217;il est utilisé. Il se bonifie avec le temps: il &#8220;grandit&#8221; avec bébé.</div>
<div>Parfaitement absorbant et perméable à l’air, le lange est l’élément indispensable à votre quotidien avec bébé.</div>
<div>De tailles différentes, pour un usage polyvalent (couverture pour la poussette, pour l’allaitement, le matelas à langer, l&#8217;emmaillotage et bien plus encore…) .</div>
<div>Le lange La Beige est un incontournable de notre gamme.</div>
<p>&nbsp;</p>
<div>
<p> Pensez à la personnalisation pour le rendre unique!!!</p>
<h4 style="text-align: center;">  <span style="color: #3366ff;"> &#8211; Choisissez les options pour afficher l&#8217;image et ajouter au panier &#8211;</span></h4>
</div>
