{"id":18863,"date":"2020-02-25T13:47:55","date_gmt":"2020-02-25T12:47:55","guid":{"rendered":"https:\/\/persoclo.fr\/?page_id=18863"},"modified":"2020-03-11T01:17:37","modified_gmt":"2020-03-11T00:17:37","slug":"emmaus-coup-de-main","status":"publish","type":"page","link":"https:\/\/persoclo.fr\/en\/emmaus-coup-de-main\/","title":{"rendered":"Emma\u00fcs Coup de main"},"content":{"rendered":"<div id=\"pl-18863\"  class=\"panel-layout\" ><div id=\"pg-18863-0\"  class=\"panel-grid panel-no-style\" ><div id=\"pgc-18863-0-0\"  class=\"panel-grid-cell panel-grid-cell-empty\" ><\/div><div id=\"pgc-18863-0-1\"  class=\"panel-grid-cell panel-grid-cell-mobile-last\" ><div id=\"panel-18863-0-1-0\" class=\"so-panel widget widget_sow-editor panel-first-child\" data-index=\"0\" ><div\n\t\t\t\n\t\t\tclass=\"so-widget-sow-editor so-widget-sow-editor-base\"\n\t\t\t\n\t\t>\n<div class=\"siteorigin-widget-tinymce textwidget\">\n\t<p style=\"text-align: justify;\"><img loading=\"lazy\" decoding=\"async\" class=\"size-thumbnail wp-image-18489 alignleft\" src=\"https:\/\/persoclo.fr\/wp-content\/uploads\/2020\/02\/Logo-Emma\u00fcs-300x121-1-150x121.jpg\" alt=\"\" width=\"150\" height=\"121\" \/>Donner une seconde vie aux objets. 2 Recycleries dans l\u2019Est parisien, collectent, trient, revalorisent ou recyclent le maximum d\u2019objets, qu\u2019il s\u2019agisse de mobilier, d\u2019\u00e9lectrom\u00e9nager, de vaisselle, de d\u00e9coration, de textile, de jouets\u2026 <span style=\"color: #ffffff;\">REC123<\/span><\/p>\n<p style=\"text-align: justify;\">Les objets r\u00e9cup\u00e9r\u00e9s proviennent de collectes et d\u2019apports volontaires. Dans la mesure du possible, <strong>ces objets sont remis en \u00e9tat et valoris\u00e9s puis revendus \u00e0 des prix tr\u00e8s accessibles<\/strong> dans dos boutiques solidaires pour permettre \u00e0 chacun de s\u2019\u00e9quiper. Autrement, les objets sont orient\u00e9s vers des <strong>fili\u00e8res de recyclage ou d\u2019\u00e9limination<\/strong> : D\u00e9chets d\u2019Equipements \u00c9lectriques et \u00c9lectroniques (DEEE), D\u00e9chets d\u2019El\u00e9ments d\u2019Ameublement (DEA)\u2026<\/p>\n<p style=\"text-align: justify;\">Gr\u00e2ce \u00e0 l\u2019activit\u00e9 des Recyleries, Emma\u00fcs Coup de main contribue activement \u00e0 la\u00a0<strong>dynamique francilienne de r\u00e9duction des d\u00e9chets et au d\u00e9veloppement du secteur du r\u00e9emploi<\/strong> pour r\u00e9pondre aux besoins des habitants du territoire. C'est un acteur engag\u00e9 dans des initiatives innovantes au service de modes de vie responsables.<\/p>\n<\/div>\n<\/div><\/div><div class='the_champ_counter_container the_champ_horizontal_counter'><div id=\"panel-18863-0-1-1\" class=\"so-panel widget widget_thechamphorizontalcounter panel-last-child\" data-index=\"1\" ><ul class=\"the_champ_sharing_ul\"><li style=\"padding:7.35px 0 !important\" class=\"the_champ_facebook_like\"><div class=\"fb-like\" data-href=\"https:\/\/persoclo.fr\/en\/wp-json\/wp\/v2\/pages\/18863\" data-layout=\"button_count\" data-action=\"like\" data-show-faces=\"false\" data-share=\"false\"><\/div><\/li><\/ul><div style=\"clear:both\"><\/div><\/div><\/div><\/div><div id=\"pgc-18863-0-2\"  class=\"panel-grid-cell panel-grid-cell-empty\" ><\/div><\/div><div id=\"pg-18863-1\"  class=\"panel-grid panel-no-style\" ><div id=\"pgc-18863-1-0\"  class=\"panel-grid-cell panel-grid-cell-empty\" ><\/div><div id=\"pgc-18863-1-1\"  class=\"panel-grid-cell panel-grid-cell-mobile-last\" ><div id=\"panel-18863-1-1-0\" class=\"so-panel widget widget_sow-editor panel-first-child panel-last-child\" data-index=\"2\" ><div\n\t\t\t\n\t\t\tclass=\"so-widget-sow-editor so-widget-sow-editor-base\"\n\t\t\t\n\t\t>\n<div class=\"siteorigin-widget-tinymce textwidget\">\n\t<p style=\"text-align: center;\">\t\t<div id=\"instagram-gallery-feed-2\" class=\"instagram-gallery-feed\" data-feed=\"{&quot;id&quot;:2,&quot;account_id&quot;:&quot;17841402794725486&quot;,&quot;source&quot;:&quot;tag&quot;,&quot;tag&quot;:&quot;emmauscoupdemain&quot;,&quot;order_by&quot;:&quot;top_media&quot;,&quot;layout&quot;:&quot;carousel&quot;,&quot;limit&quot;:12,&quot;columns&quot;:3,&quot;spacing&quot;:10,&quot;lazy&quot;:true,&quot;responsive&quot;:{&quot;desktop&quot;:{&quot;columns&quot;:3,&quot;spacing&quot;:10},&quot;tablet&quot;:{&quot;columns&quot;:2,&quot;spacing&quot;:8},&quot;mobile&quot;:{&quot;columns&quot;:1,&quot;spacing&quot;:6},&quot;breakpoints&quot;:{&quot;tablet&quot;:768,&quot;mobile&quot;:480}},&quot;aspect_ratio&quot;:{&quot;width&quot;:1,&quot;height&quot;:1},&quot;highlight&quot;:{&quot;tag&quot;:&quot;&quot;,&quot;id&quot;:&quot;&quot;,&quot;position&quot;:&quot;&quot;},&quot;reel&quot;:{&quot;hide&quot;:false},&quot;copyright&quot;:{&quot;hide&quot;:false,&quot;placeholder&quot;:&quot;&quot;},&quot;profile&quot;:{&quot;display&quot;:false,&quot;username&quot;:&quot;&quot;,&quot;nickname&quot;:&quot;&quot;,&quot;website&quot;:&quot;&quot;,&quot;biography&quot;:&quot;&quot;,&quot;link_text&quot;:&quot;Follow&quot;,&quot;website_text&quot;:&quot;Website&quot;,&quot;avatar&quot;:&quot;&quot;},&quot;box&quot;:{&quot;display&quot;:false,&quot;padding&quot;:1,&quot;radius&quot;:0,&quot;background&quot;:&quot;#fefefe&quot;,&quot;profile&quot;:false,&quot;desc&quot;:&quot;&quot;,&quot;text_color&quot;:&quot;#000000&quot;},&quot;mask&quot;:{&quot;display&quot;:true,&quot;background&quot;:&quot;&quot;,&quot;icon_color&quot;:&quot;#ffffff&quot;,&quot;likes_count&quot;:true,&quot;comments_count&quot;:true},&quot;card&quot;:{&quot;display&quot;:false,&quot;radius&quot;:1,&quot;font_size&quot;:12,&quot;background&quot;:&quot;#ffffff&quot;,&quot;background_hover&quot;:&quot;&quot;,&quot;text_color&quot;:&quot;#000000&quot;,&quot;padding&quot;:5,&quot;likes_count&quot;:true,&quot;text_length&quot;:10,&quot;comments_count&quot;:true,&quot;text_align&quot;:&quot;left&quot;},&quot;carousel&quot;:{&quot;centered_slides&quot;:false,&quot;autoplay&quot;:true,&quot;autoplay_interval&quot;:3000,&quot;navarrows&quot;:true,&quot;navarrows_color&quot;:&quot;&quot;,&quot;pagination&quot;:true,&quot;pagination_color&quot;:&quot;&quot;},&quot;modal&quot;:{&quot;display&quot;:true,&quot;profile&quot;:false,&quot;media_description&quot;:true,&quot;likes_count&quot;:true,&quot;comments_count&quot;:true,&quot;comments_list&quot;:false,&quot;text_align&quot;:&quot;left&quot;,&quot;modal_align&quot;:&quot;right&quot;,&quot;text_length&quot;:10000,&quot;font_size&quot;:12},&quot;button&quot;:{&quot;display&quot;:false,&quot;text&quot;:&quot;Voir sur Instagram&quot;,&quot;text_color&quot;:&quot;#ffff&quot;,&quot;background&quot;:&quot;&quot;,&quot;background_hover&quot;:&quot;&quot;},&quot;button_load&quot;:{&quot;display&quot;:false,&quot;text&quot;:&quot;Load more...&quot;,&quot;text_color&quot;:&quot;#ffff&quot;,&quot;background&quot;:&quot;&quot;,&quot;background_hover&quot;:&quot;&quot;}}\">\n\t\t<!-- <FeedContainer\/> -->\n\t\t<\/div>\n\t\t<\/p>\n<div style=\"\" id=\"the_champ_fb_commenting\"><div class=\"fb-comments\" data-href=\"https:\/\/persoclo.fr\/en\/emmaus-coup-de-main\/\" data-numposts=\"0\" data-width=\"100%\" ><\/div><\/div><script type=\"text\/javascript\" src=\"\/\/connect.facebook.net\/en_US\/sdk.js\r\n    \"><\/script><script>FB.init({xfbml:1,version: \"v23.0\"});<\/script>\n<\/div>\n<\/div><\/div><\/div><div id=\"pgc-18863-1-2\"  class=\"panel-grid-cell panel-grid-cell-empty\" ><\/div><\/div><div id=\"pg-18863-2\"  class=\"panel-grid panel-no-style\" ><div id=\"pgc-18863-2-0\"  class=\"panel-grid-cell\" ><div id=\"panel-18863-2-0-0\" class=\"so-panel widget widget_sow-editor panel-first-child panel-last-child\" data-index=\"3\" ><div\n\t\t\t\n\t\t\tclass=\"so-widget-sow-editor so-widget-sow-editor-base\"\n\t\t\t\n\t\t>\n<div class=\"siteorigin-widget-tinymce textwidget\">\n\t<h2 style=\"text-align: center;\"><strong>Je recycle ici<\/strong><\/h2>\n<p style=\"text-align: center;\"><\/p>\n<\/div>\n<\/div><\/div><\/div><\/div><\/div>","protected":false},"excerpt":{"rendered":"<p>Donner une seconde vie aux objets. 2 Recycleries dans l\u2019Est parisien, collectent, trient, revalorisent ou recyclent le maximum d\u2019objets, qu\u2019il s\u2019agisse de mobilier, d\u2019\u00e9lectrom\u00e9nager, de vaisselle, de d\u00e9coration, de textile, [&hellip;]<\/p>\n","protected":false},"author":91,"featured_media":0,"parent":0,"menu_order":0,"comment_status":"closed","ping_status":"closed","template":"template-full-width.php","meta":{"footnotes":""},"class_list":["post-18863","page","type-page","status-publish","hentry"],"translation":{"provider":"WPGlobus","version":"3.0.2","language":"en","enabled_languages":["fr","en"],"languages":{"fr":{"title":true,"content":true,"excerpt":false},"en":{"title":false,"content":false,"excerpt":false}}},"aioseo_notices":[],"_links":{"self":[{"href":"https:\/\/persoclo.fr\/en\/wp-json\/wp\/v2\/pages\/18863","targetHints":{"allow":["GET"]}}],"collection":[{"href":"https:\/\/persoclo.fr\/en\/wp-json\/wp\/v2\/pages"}],"about":[{"href":"https:\/\/persoclo.fr\/en\/wp-json\/wp\/v2\/types\/page"}],"author":[{"embeddable":true,"href":"https:\/\/persoclo.fr\/en\/wp-json\/wp\/v2\/users\/91"}],"replies":[{"embeddable":true,"href":"https:\/\/persoclo.fr\/en\/wp-json\/wp\/v2\/comments?post=18863"}],"version-history":[{"count":25,"href":"https:\/\/persoclo.fr\/en\/wp-json\/wp\/v2\/pages\/18863\/revisions"}],"predecessor-version":[{"id":18867,"href":"https:\/\/persoclo.fr\/en\/wp-json\/wp\/v2\/pages\/18863\/revisions\/18867"}],"wp:attachment":[{"href":"https:\/\/persoclo.fr\/en\/wp-json\/wp\/v2\/media?parent=18863"}],"curies":[{"name":"wp","href":"https:\/\/api.w.org\/{rel}","templated":true}]}}

Emmaüs Coup de main

<div id="pl-18863"  class="panel-layout" ><div id="pg-18863-0"  class="panel-grid panel-no-style" ><div id="pgc-18863-0-0"  class="panel-grid-cell panel-grid-cell-empty" ></div><div id="pgc-18863-0-1"  class="panel-grid-cell panel-grid-cell-mobile-last" ><div id="panel-18863-0-1-0" class="so-panel widget widget_sow-editor panel-first-child" data-index="0" ><div
			
			class="so-widget-sow-editor so-widget-sow-editor-base"
			
		>
<div class="siteorigin-widget-tinymce textwidget">
	<p style="text-align: justify;"><img loading="lazy" decoding="async" class="size-thumbnail wp-image-18489 alignleft" src="https://persoclo.fr/wp-content/uploads/2020/02/Logo-Emmaüs-300x121-1-150x121.jpg" alt="" width="150" height="121" />Donner une seconde vie aux objets. 2 Recycleries dans l’Est parisien, collectent, trient, revalorisent ou recyclent le maximum d’objets, qu’il s’agisse de mobilier, d’électroménager, de vaisselle, de décoration, de textile, de jouets… <span style="color: #ffffff;">REC123</span></p>
<p style="text-align: justify;">Les objets récupérés proviennent de collectes et d’apports volontaires. Dans la mesure du possible, <strong>ces objets sont remis en état et valorisés puis revendus à des prix très accessibles</strong> dans dos boutiques solidaires pour permettre à chacun de s’équiper. Autrement, les objets sont orientés vers des <strong>filières de recyclage ou d’élimination</strong> : Déchets d’Equipements Électriques et Électroniques (DEEE), Déchets d’Eléments d’Ameublement (DEA)…</p>
<p style="text-align: justify;">Grâce à l’activité des Recyleries, Emmaüs Coup de main contribue activement à la <strong>dynamique francilienne de réduction des déchets et au développement du secteur du réemploi</strong> pour répondre aux besoins des habitants du territoire. C'est un acteur engagé dans des initiatives innovantes au service de modes de vie responsables.</p>
</div>
</div></div><div class='the_champ_counter_container the_champ_horizontal_counter'><div id="panel-18863-0-1-1" class="so-panel widget widget_thechamphorizontalcounter panel-last-child" data-index="1" ><ul class="the_champ_sharing_ul"><li style="padding:7.35px 0 !important" class="the_champ_facebook_like"><div class="fb-like" data-href="https://persoclo.fr/en/wp-json/wp/v2/pages/18863" data-layout="button_count" data-action="like" data-show-faces="false" data-share="false"></div></li></ul><div style="clear:both"></div></div></div></div><div id="pgc-18863-0-2"  class="panel-grid-cell panel-grid-cell-empty" ></div></div><div id="pg-18863-1"  class="panel-grid panel-no-style" ><div id="pgc-18863-1-0"  class="panel-grid-cell panel-grid-cell-empty" ></div><div id="pgc-18863-1-1"  class="panel-grid-cell panel-grid-cell-mobile-last" ><div id="panel-18863-1-1-0" class="so-panel widget widget_sow-editor panel-first-child panel-last-child" data-index="2" ><div
			
			class="so-widget-sow-editor so-widget-sow-editor-base"
			
		>
<div class="siteorigin-widget-tinymce textwidget">
	<p style="text-align: center;">		<div id="instagram-gallery-feed-2" class="instagram-gallery-feed" data-feed="{&quot;id&quot;:2,&quot;account_id&quot;:&quot;17841402794725486&quot;,&quot;source&quot;:&quot;tag&quot;,&quot;tag&quot;:&quot;emmauscoupdemain&quot;,&quot;order_by&quot;:&quot;top_media&quot;,&quot;layout&quot;:&quot;carousel&quot;,&quot;limit&quot;:12,&quot;columns&quot;:3,&quot;spacing&quot;:10,&quot;lazy&quot;:true,&quot;responsive&quot;:{&quot;desktop&quot;:{&quot;columns&quot;:3,&quot;spacing&quot;:10},&quot;tablet&quot;:{&quot;columns&quot;:2,&quot;spacing&quot;:8},&quot;mobile&quot;:{&quot;columns&quot;:1,&quot;spacing&quot;:6},&quot;breakpoints&quot;:{&quot;tablet&quot;:768,&quot;mobile&quot;:480}},&quot;aspect_ratio&quot;:{&quot;width&quot;:1,&quot;height&quot;:1},&quot;highlight&quot;:{&quot;tag&quot;:&quot;&quot;,&quot;id&quot;:&quot;&quot;,&quot;position&quot;:&quot;&quot;},&quot;reel&quot;:{&quot;hide&quot;:false},&quot;copyright&quot;:{&quot;hide&quot;:false,&quot;placeholder&quot;:&quot;&quot;},&quot;profile&quot;:{&quot;display&quot;:false,&quot;username&quot;:&quot;&quot;,&quot;nickname&quot;:&quot;&quot;,&quot;website&quot;:&quot;&quot;,&quot;biography&quot;:&quot;&quot;,&quot;link_text&quot;:&quot;Follow&quot;,&quot;website_text&quot;:&quot;Website&quot;,&quot;avatar&quot;:&quot;&quot;},&quot;box&quot;:{&quot;display&quot;:false,&quot;padding&quot;:1,&quot;radius&quot;:0,&quot;background&quot;:&quot;#fefefe&quot;,&quot;profile&quot;:false,&quot;desc&quot;:&quot;&quot;,&quot;text_color&quot;:&quot;#000000&quot;},&quot;mask&quot;:{&quot;display&quot;:true,&quot;background&quot;:&quot;&quot;,&quot;icon_color&quot;:&quot;#ffffff&quot;,&quot;likes_count&quot;:true,&quot;comments_count&quot;:true},&quot;card&quot;:{&quot;display&quot;:false,&quot;radius&quot;:1,&quot;font_size&quot;:12,&quot;background&quot;:&quot;#ffffff&quot;,&quot;background_hover&quot;:&quot;&quot;,&quot;text_color&quot;:&quot;#000000&quot;,&quot;padding&quot;:5,&quot;likes_count&quot;:true,&quot;text_length&quot;:10,&quot;comments_count&quot;:true,&quot;text_align&quot;:&quot;left&quot;},&quot;carousel&quot;:{&quot;centered_slides&quot;:false,&quot;autoplay&quot;:true,&quot;autoplay_interval&quot;:3000,&quot;navarrows&quot;:true,&quot;navarrows_color&quot;:&quot;&quot;,&quot;pagination&quot;:true,&quot;pagination_color&quot;:&quot;&quot;},&quot;modal&quot;:{&quot;display&quot;:true,&quot;profile&quot;:false,&quot;media_description&quot;:true,&quot;likes_count&quot;:true,&quot;comments_count&quot;:true,&quot;comments_list&quot;:false,&quot;text_align&quot;:&quot;left&quot;,&quot;modal_align&quot;:&quot;right&quot;,&quot;text_length&quot;:10000,&quot;font_size&quot;:12},&quot;button&quot;:{&quot;display&quot;:false,&quot;text&quot;:&quot;Voir sur Instagram&quot;,&quot;text_color&quot;:&quot;#ffff&quot;,&quot;background&quot;:&quot;&quot;,&quot;background_hover&quot;:&quot;&quot;},&quot;button_load&quot;:{&quot;display&quot;:false,&quot;text&quot;:&quot;Load more...&quot;,&quot;text_color&quot;:&quot;#ffff&quot;,&quot;background&quot;:&quot;&quot;,&quot;background_hover&quot;:&quot;&quot;}}">
		<!-- <FeedContainer/> -->
		</div>
		</p>
<div style="" id="the_champ_fb_commenting"><div class="fb-comments" data-href="https://persoclo.fr/en/emmaus-coup-de-main/" data-numposts="0" data-width="100%" ></div></div><script type="text/javascript" src="//connect.facebook.net/en_US/sdk.js
    "></script><script>FB.init({xfbml:1,version: "v23.0"});</script>
</div>
</div></div></div><div id="pgc-18863-1-2"  class="panel-grid-cell panel-grid-cell-empty" ></div></div><div id="pg-18863-2"  class="panel-grid panel-no-style" ><div id="pgc-18863-2-0"  class="panel-grid-cell" ><div id="panel-18863-2-0-0" class="so-panel widget widget_sow-editor panel-first-child panel-last-child" data-index="3" ><div
			
			class="so-widget-sow-editor so-widget-sow-editor-base"
			
		>
<div class="siteorigin-widget-tinymce textwidget">
	<h2 style="text-align: center;"><strong>Je recycle ici</strong></h2>
<p style="text-align: center;"></p>
</div>
</div></div></div></div></div>

<p>Donner une seconde vie aux objets. 2 Recycleries dans l’Est parisien, collectent, trient, revalorisent ou recyclent le maximum d’objets, qu’il s’agisse de mobilier, d’électroménager, de vaisselle, de décoration, de textile, [&hellip;]</p>
